millions digit of 3383052606?
3
What is the billions digit of 1838243989?
1
What is the units digit of 45031961?
1
What is the hundred millions digit of 730826335?
7
What is the tens digit of 41564879?
7
What is the ten millions digit of 655809081?
5
What is the ten millions digit of 134337169?
3
What is the units digit of 11200723?
3
What is the hundreds digit of 22934421?
4
What is the thousands digit of 55723042?
3
What is the billions digit of 1555526099?
1
What is the thousands digit of 1734013880?
3
What is the ten millions digit of 221122664?
2
What is the millions digit of 578678515?
8
What is the millions digit of 58117497?
8
What is the hundreds digit of 38605049?
0
What is the hundreds digit of 239593?
5
What is the tens digit of 649892424?
2
What is the thousands digit of 22470676?
0
What is the tens digit of 3089169866?
6
What is the thousands digit of 794633373?
3
What is the tens digit of 41900506?
0
What is the thousands digit of 50984720?
4
What is the thousands digit of 48060181?
0
What is the ten thousands digit of 421709678?
0
What is the ten millions digit of 41596346?
4
What is the hundreds digit of 102584428?
4
What is the ten millions digit of 187006185?
8
What is the tens digit of 133608188?
8
What is the hundred millions digit of 360209558?
3
What is the hundred thousands digit of 465504057?
5
What is the hundred millions digit of 765815900?
7
What is the hundreds digit of 228886434?
4
What is the units digit of 816682046?
6
What is the hundred millions digit of 479360016?
4
What is the hundreds digit of 95304697?
6
What is the ten thousands digit of 15615980?
1
What is the ten millions digit of 35330204?
3
What is the tens digit of 48270741?
4
What is the millions digit of 78502638?
8
What is the hundreds digit of 1357984505?
5
What is the hundred millions digit of 238419227?
2
What is the ten millions digit of 66591051?
6
What is the hundreds digit of 259322158?
1
What is the hundred thousands digit of 2593676828?
6
What is the thousands digit of 425384378?
4
What is the ten millions digit of 621696402?
2
What is the millions digit of 2405157249?
5
What is the millions digit of 448853222?
8
What is the hundred millions digit of 297936314?
2
What is the ten thousands digit of 4700285864?
8
What is the tens digit of 57672102?
0
What is the hundred thousands digit of 1380946733?
9
What is the ten millions digit of 8709449527?
0
What is the millions digit of 115903492?
5
What is the tens digit of 161752806?
0
What is the hundred thousands digit of 173811242?
8
What is the hundreds digit of 53805381?
3
What is the ten millions digit of 36883099?
3
What is the hundreds digit of 1316782659?
6
What is the thousands digit of 19660203?
0
What is the hundred millions digit of 866393637?
8
What is the hundred thousands digit of 1195114077?
1
What is the hundred millions digit of 173622088?
1
What is the hundred thousands digit of 2262594027?
5
What is the hundred thousands digit of 780896881?
8
What is the ten millions digit of 4335299104?
3
What is the millions digit of 1468697036?
8
What is the units digit of 125150578?
8
What is the hundred thousands digit of 30180375?
1
What is the ten millions digit of 139391314?
3
What is the hundreds digit of 266653706?
7
What is the units digit of 2286887800?
0
What is the ten millions digit of 194030826?
9
What is the tens digit of 1387314258?
5
What is the units digit of 330078325?
5
What is the units digit of 1493777526?
6
What is the ten millions digit of 459241802?
5
What is the hundred thousands digit of 214396365?
3
What is the hundred millions digit of 1054969925?
0
What is the ten millions digit of 58968359?
5
What is the units digit of 72202576?
6
What is the tens digit of 1864267421?
2
What is the billions digit of 1063137176?
1
What is the thousands digit of 6164274504?
4
What is the ten millions digit of 1969370986?
6
What is the ten millions digit of 6986786945?
8
What is the units digit of 135254701?
1
What is the millions digit of 62349187?
2
What is the tens digit of 510357450?
5
What is the millions digit of 43801116?
3
What is the hundred millions digit of 111663834?
1
What is the ten thousands digit of 690164120?
6
What is the millions digit of 332244780?
2
What is the thousands digit of 3150987137?
7
What is the hundred millions digit of 1590143410?
5
What is the ten millions digit of 163150520?
6
What is the ten millions digit of 646609079?
4
What is the tens digit of 8532107?
0
What is the thousands digit of 83287501?
7
What is the ten millions digit of 152832658?
5
What is the hundred thousands digit of 28750090?
7
What is the hundred millions digit of 7029157136?
0
What is the ten thousands digit of 652622811?
2
What is the millions digit of 25300411?
5
What is the ten millions digit of 78471044?
7
What is the millions digit of 306288672?
6
What is the thousands digit of 548528112?
8
What is the thousands digit of 83622021?
2
What is the units digit of 28498621?
1
What is the hundred thousands digit of 557150396?
1
What is the ten thousands digit of 390957706?
5
What is the thousands digit of 1184848625?
8
What is the units digit of 17845295?
5
What is the millions digit of 106892935?
6
What is the units digit of 616097754?
4
What is the hundred thousands digit of 64938629?
9
What is the millions digit of 849006532?
9
What is the hundreds digit of 294204509?
5
What is the hundred millions digit of 251489050?
2
What is the thousands digit of 302883955?
3
What is the units digit of 161562922?
2
What is the units digit of 980482690?
0
What is the ten thousands digit of 1218706782?
0
What is the hundred thousands digit of 53871188?
8
What is the hundred thousands digit of 63405530?
4
What is the millions digit of 162742474?
2
What is the thousands digit of 1047057267?
7
What is the hundred millions digit of 1796736181?
7
What is the ten millions digit of 585484268?
8
What is the hundred thousands digit of 72244249?
2
What is the ten thousands digit of 2720258622?
5
What is the billions digit of 1120571172?
1
What is the thousands digit of 26695223?
5
What is the millions digit of 162167436?
2
What is the millions digit of 1488721837?
8
What is the hundred millions digit of 170464789?
1
What is the thousands digit of 536190273?
0
What is the units digit of 476080409?
9
What is the units digit of 917789784?
4
What is the units digit of 29806201?
1
What is the millions digit of 2339581244?
9
What is the units digit of 167053751?
1
What is the hundreds digit of 128220640?
6
What is the hundred thousands digit of 1350240942?
2
What is the billions digit of 1190504569?
1
What is the units digit of 471763916?
6
What is the ten millions digit of 61927954?
6
What is the units digit of 4663010869?
9
What is the ten thousands digit of 1077779687?
7
What is the millions digit of 66270870?
6
What is the tens digit of 713340852?
5
What is the units digit of 314353917?
7
What is the millions digit of 1399150264?
9
What is the thousands digit of 448833822?
3
What is the tens digit of 654644596?
9
What is the millions digit of 715373855?
5
What is the hundred millions digit of 3923593175?
9
What is the hundred thousands digit of 3445157360?
1
What is the ten millions digit of 110809692?
1
What is the thousands digit of 44504067?
4
What is the ten thousands digit of 150793323?
9
What is the tens digit of 93938474?
7
What is the ten millions digit of 83613850?
8
What is the ten millions digit of 40097092?
4
What is the ten thousands digit of 373565429?
6
What is the thousands digit of 31804752?
4
What is the thousands digit of 20311912?
1
What is the thousands digit of 53099490?
9
What is the ten millions digit of 112056398?
1
What is the hundreds digit of 35883868?
8
What is the hundreds digit of 39294116?
1
What is the ten millions digit of 1288262080?
8
What is the hundred thousands digit of 339049380?
0
What is the ten thousands digit of 69955873?
5
What is the millions digit of 44852649?
4
What is the hundred millions digit of 3295123279?
2
What is the hundred thousands digit of 4538039216?
0
What is the billions digit of 3282011193?
3
What is the hundred thousands digit of 20677352?
6
What is the thousands digit of 40943034?
3
What is the hundreds digit of 22479130?
1
What 